). Give x(-4).
-3
Let c(w) be the second derivative of w**6/720 + w**5/40 + w**4/6 - 2*w. Let s(a) be the third derivative of c(a). Give s(-6).
-3
Let x(c) be the first derivative of 2*c - 3*c**2 - c - 1 + 0 + 6. Calculate x(-1).
7
Suppose 0 = m + 2*m - 18. Let t(l) = 13*l + 11. Let n(b) = 7*b + 6. Let o(h) = m*t(h) - 11*n(h). What is o(-6)?
-6
Let d(v) = 4*v - 26. Let a(j) = 3*j + 3 + 2 - 3*j - j. Let l(s) = -11*a(s) - 2*d(s). Let p be 3/(((-6)/4)/(-1)). Give l(p).
3
Let b(f) = 2*f**2 + 3*f - 4. Let q(c) = c**2 + 8*c + 4. Let m be q(-7). Let k be b(m). Let y(v) = -v**2 + 4*v + 5. Give y(k).
0
Let l(j) = -j**3 - 2*j**2 + 2*j + 3. Let f(t) = -3*t + 15. Let g be f(6). Give l(g).
6
Suppose 0 = 4*b - 2*b + 4. Let q(n) = -5*n**2 - 2*n + 1. Calculate q(b).
-15
Let h(p) = -p**2 + 2*p. Suppose -4*z - 148 = -5*m - 5*z, 4*z = 4*m - 104. Suppose -j = g - 7, 4 = -4*g - 3*j + m. What is h(g)?
-8
Let h(b) be the second derivative of -b**5/20 - 7*b**4/12 - 3*b**2 - 6*b. Determine h(-7).
-6
Suppose -5*d = 3 + 12. Let a = -7 - d. Let v(c) = c - 3. Determine v(a).
-7
Let j(u) = -4*u - 2. Suppose 0 = -5*r - 4*t + 91, 2*r - 76 = -2*r - 4*t. Suppose 0 = 5*y - 5*c + r, 2*c - 7 - 1 = 3*y. What is j(y)?
6
Let p(j) = 5*j + 7*j**2 - j**2 - 13*j + 10 - 5*j**2. What is p(8)?
10
Let p(k) be the second derivative of 5*k**4/6 + k**3/3 + k**2/2 + 22*k. Let g = -4 - -3. What is p(g)?
9
Suppose 4*t = 4, -o = o - 5*t + 7. Let m(g) = 5*g**3 - g**2 + 2*g + 2. Calculate m(o).
-6
Let i(k) = 13*k**2 + k. Suppose -5 = v + 3*f, -2*f - 11 = -5*v - 2. Calculate i(v).
14
Let j(p) = 6*p. Suppose 0 = w + 3*w - 5*g - 16, 3*w + 23 = -5*g. Determine j(w).
-6
Let k(a) = -3 - 5*a**2 + 3 + 1 - 2. Give k(-1).
-6
Let r = 6 + -2. Let t(i) = i - 2*i - i**2 + r*i**3 - 3*i + 3*i - 1. Calculate t(-1).
-5
Let t(m) = 2 + 4*m - 4*m**2 - 2*m**2 + 5*m**2. Let f = 18 + -14. Determine t(f).
2
Let a(z) = -2*z - 2. Let l(y) = -y**2 - 7*y - 8. Let d be l(-6). What is a(d)?
2
Let o(r) = 5*r**2 - r**3 + 3*r + r - 2*r**2 + 4. What is o(4)?
4
Let w = -3 + 8. Let c(q) be the first derivative of q - 1/2*q**2 - 2. What is c(w)?
-4
Suppose -3*k + 3*c = k - 19, c + 5 = 0. Let t(n) = -8*n - 1. Determine t(k).
-9
Let s(w) = w**2 - w - 1. Let u = 42 + -40. Calculate s(u).
1
Let g(w) = -3*w + 3. Let j be -8 - (-6 + (6 - 3)). Suppose o - 21 = -2*o. Let t = o + j. Give g(t).
-3
Let w(d) be the third derivative of -d**5/60 + d**4/4 + d**3/2 - 4*d**2. Give w(6).
3
Let p(g) = 7*g - 1. Let q(k) = -k**3 - 7*k**2 - k - 6. Let d be q(-7). Determine p(d).
6
Let o(g) = -g**3 + 2*g**2 + 3*g + 3. Let q = 31 - 33. Determine o(q).
13
Let r(h) = -h**2 - h - 2 - 6*h + 6. Let j be r(-7). Let v(m) = 8 - j + 3*m - 3*m**2 + 4*m**2. Calculate v(-3).
4
Let o(m) = 21*m + 15. Let p be o(-1). Let a(n) = -n**2 - 10*n - 9. Calculate a(p).
15
Let j(m) = -m**2 - m + 2. Let d = 136 + -139. Calculate j(d).
-4
Let a(q) = -q**2 - 9*q + 12. Let f be -4 - (-4*9/(-12) + 3). What is a(f)?
2
Let s(m) = -m**3 - 5*m**2 - 3*m - 2. Suppose 3*z + 0*g - 2*g = -34, z = 2*g - 18. Let n = 4 + z. Calculate s(n).
-6
Let s(n) = n - 3. Suppose -24 = -r + 7*r. Let v be r/14 - 111/(-21). Calculate s(v).
2
Suppose -6*w + 4*w = -8. Let m be (-2 + -7)*(-4)/w. Let y(x) = -13*x + 13. Let t(s) = -6*s + 6. Let o(a) = m*t(a) - 4*y(a). What is o(-2)?
6
Let p = -4 - -10. Suppose -q - p = 3*n - 22, 5*n + 5*q - 20 = 0. Let u(v) = v**2 - 5*v - 7. Give u(n).
-1
Let p(r) = r - 3. Let x = 149 - 144. What is p(x)?
2
Let y = -19 + 26. Suppose -9*h = -y*h. Let g(f) be the second derivative of -f**5/20 - f**3/6 - 5*f**2/2 - f. Calculate g(h).
-5
Let m = 14 - 10. Let t(x) = 6*x**3 - 8*x - 4 + 5 + 5*x**2 - 13*x**2. Let g(b) = -b**3 + b**2 + b. Let y(p) = -5*g(p) - t(p). Calculate y(m).
-5
Let k = 61 + -59. Let q(r) be the first derivative of 3 + 1/2*r**k - r. Calculate q(-4).
-5
Let y(m) = 2*m**2 + 9*m - 2. Let p be y(-5). Let n(d) = 0*d**2 - 7*d**2 + 0*d**2 + 3 + d**3 + 3*d**2 + 2*d. Determine n(p).
0
Let a(f) = -f**3 - 5*f**2 - f - 1. Let c = 31 + -35. Determine a(c).
-13
Let i(o) = -o**2 + 8886 + 0*o + 4*o - 8883. Give i(4).
3
Let s(j) = -j**2 + 2*j + 2. Suppose -4*w - 8 = g - 5*g, 3*g + 4*w = 13. What is s(g)?
-1
Let v(s) = -s + 1. Let z(f) = -4*f - 6. Let g(w) = -v(w) + z(w). Calculate g(-6).
11
Let i(j) = 4*j**2 - 1. Let f be i(1). Let b = f + -4. Let w(h) = -3*h**3 + 1 + 2 - 2. What is w(b)?
4
Let l = 4 + -4. Let m be (-2)/(-11) + 80/44. Let v(a) = a**3 + 5 - 5*a**3 + m*a**3 - a**2 + 3*a**3. Determine v(l).
5
Let r(y) = 2*y - 4. Let s be (-4 + -5 - -5) + 10. What is r(s)?
8
Suppose -5 = z - 8. Let j(a) = -a + a**z - 14*a**3 + 6*a**2 - 5*a**2. Give j(1).
-13
Let y(r) = -3 - 2 - 2*r + 4. Calculate y(1).
-3
Suppose h = 0, -3*h + 4 = -2*d + 16. Let y(l) = 2*l - 4. What is y(d)?
8
Let p = -3 + 12. Suppose -3*n = 2*t + p, t + 2*n + 5 = -0*n. Let v(i) = -i**2 + 4. Give v(t).
-5
Let z(k) = -6*k + 11 - 8*k**2 + 2*k + k - k**3 - 14. What is z(-8)?
21
Let t = 0 - -3. Let y = 8 - t. Let p = y + 0. Let m(l) = -l - 1. Give m(p).
-6
Suppose -13 = -2*m - 0*m - 5*k, 3*k - 7 = -m. Let j(z) = 2 + m*z - z - 2*z. Give j(0).
2
Let q(i) be the third derivative of i**6/120 - 7*i**5/60 - i**3/2 + 25*i**2. Give q(7).
-3
Let i(r) be the first derivative of 5*r**4/24 + r**3/2 + 2*r**2 + 6. Let x(l) be the second derivative of i(l). Determine x(-2).
-7
Let g(a) = a + 5. Suppose -d - 2*d - 18 = h, 20 = -4*h + d. Calculate g(h).
-1
Suppose -3*o + 15 + 6 = 0. Let i(h) = h**2 - 7*h + 2. What is i(o)?
2
Let p(q) = -q**2 - 4*q + 5. Suppose -x = 2*x - 12. Suppose 5*v + 27 = -3*l, 2*l - x*v = -8*v - 20. Calculate p(l).
5
Let q(o) be the first derivative of -o**2/2 - 8*o - 7. Give q(-7).
-1
Let c(f) = -f**3 - 3*f**2 + 8*f + 5. Let t be c(-5). Let d = t + -15. Let i(s) = s**2 - s - 3. Calculate i(d).
-3
Let n be 5/(-2) - 1/2. Let o be (-22)/(4/2 + -4). Let k(v) = -3*v + o - 4 + 4*v. What is k(n)?
4
Suppose -z + 4*x = -9 - 13, 0 = -2*z - 2*x - 6. Suppose -v + 3*c = 3, 3*v + z*c + 6 = v. Let k(j) = -j**2 - 3*j - 3. Determine k(v).
-3
Let o(j) = -j - 1. Suppose -8*u = -5*u + 4*h + 13, 2*h = 4. Calculate o(u).
6
Let x(o) = -3*o**2 + 5*o + 13. Suppose 5*a + 8 = a. Let l = 0 - a. Let i(s) = -s**2 + s + 3. Let f(p) = l*x(p) - 9*i(p). What is f(1)?
3
Suppose 5*p - 23 = -4*f, 2*p - 2 = -f + 6. Let m(h) = -h - p + 0*h - h. Let q = -40 - -38. Determine m(q).
1
Let r(m) be the second derivative of m**3/2 + m**2/2 + 3*m. Let u(q) = 4*q. Let t(z) = -5*r(z) + 4*u(z). Determine t(4).
-1
Let x(i) = -i + 4. Let l be x(0). Let g(r) be the first derivative of -2*r + 3*r**2 + 2 - 1/3*r**3. Determine g(l).
6
Let s(h) = h**3 + 9*h**2 - 11*h - 13. Suppose 14 + 6 = -2*k. Let q be s(k). Let u(c) = -2*c**2 - 5*c - 4. Determine u(q).
-7
Let v(d) = -d + 2. Let j be 1/((-1)/(-24)*2). Let k = j + -7. Calculate v(k).
-3
Suppose -23 = -5*n + z, z + 9 + 6 = 3*n. Let q(b) = b**2 - 8*b - 5. Calculate q(n).
-21
Let k(i) = -8 + 1 + 15*i + 2*i**2 - 21*i**3 - 4. Let t(q) = 10*q**3 - q**2 - 7*q + 5. Let b(a) = 6*k(a) + 13*t(a). Determine b(-1).
-5
Suppose -9 = 2*t - z, 3*z - 3 = t + 2*z. Let f(l) = l**3 + 6*l**2 + 2*l + 9. Give f(t).
-3
Suppose -2*g + f + 16 = 0, 3*f = g + g - 24. Let n(s) = s**2 - 5*s + 6. What is n(g)?
12
Let f(z) = -z**2 - 5*z + 6. Let x(m) = -6*m**2 + m. Let v be x(1). Give f(v).
6
Suppose 2*j = 3*j. Suppose -t + 0*t = j. Let p(c) = 5 + c - c - c + c**2. What is p(t)?
5
Let k(t) = 23*t + 14. Let i(g) = -11*g - 7. Let s(u) = 7*i(u) + 4*k(u). Let z(j) = j + 1. Let o(w) = s(w) - 6*z(w). Give o(1).
10
Let b(o) = -7*o**2 + 10*o + 21. Let p(t) = -3*t**2 + 5*t + 10. Let r(y) = 4*b(y) - 9*p(y). Calculate r(-4).
-2
Let o(s) = -2*s + 9. Let k be o(7). Let f(b) be the third derivative of -5/24*b**4 + 0 - 1/10*b**5 + 0*b - b**2 - 1/120*b**6 - 5/6*b**3. Determine f(k).
-5
Let n(s) = -s**2 - s + 2. Let x(q) = q**2 - 3*q + 2. Let t be x(1). Suppose t = 3*u - 9 + 18. What is n(u)?
-4
Let f = -27 - -21. Let p(n) = n**3 + 5*n**2 - 4*n + 7. Calculate p(f).
-5
Let z(k) be the second derivative of -4*k**2 + 1/6*k**3 + 0 + 2*k. Calculate z(6).
-2
Suppose -50 = -0*m - 4*m + 2*u, 2*m = 4*u + 34. Let k = -6 + m. Let o(i) = i**2 - 4*i + 4. Determine o(k).
9
Let l(z) = 8*z + 1. Let r = 117 - 118. Calculate l(r).
-7
Let x(j) = -4*j - 4. Let r = 2 + -5. Let o = r - 0. Calcu